42 (base 12) in base 13?
716
102011213 (base 4) to base 2
10010000101100111
Convert -1153 (base 8) to base 16.
-26b
Convert 21022222 (base 3) to base 16.
14e1
Convert -100101101110101 (base 2) to base 12.
-b219
What is -2122211 (base 3) in base 14?
-9c7
What is -1111101101011001 (base 2) in base 15?
-140ea
-875 (base 10) to base 7
-2360
1769 (base 15) to base 12
2b09
What is -13467 (base 10) in base 12?
-7963
Convert -1606 (base 8) to base 3.
-1020102
169 (base 11) to base 12
144
What is -2591 (base 14) in base 9?
-10037
-211332 (base 4) to base 14
-c58
Convert 2cc3 (base 13) to base 5.
202311
What is -33045 (base 7) in base 4?
-2001021
Convert -470 (base 10) to base 2.
-111010110
What is 1a3f (base 16) in base 13?
309b
What is -1141120 (base 5) in base 6?
-243042
What is 15544 (base 8) in base 3?
100121201
What is -120010 (base 3) in base 10?
-408
2b30 (base 16) to base 12
6494
-10121333 (base 4) to base 8
-43177
What is 495b (base 14) in base 12?
7505
What is 34221 (base 5) in base 13?
1155
What is 121201002 (base 3) in base 2?
10111110010011
-2648 (base 9) to base 5
-30423
11004 (base 6) to base 7
4264
Convert -10001100111 (base 2) to base 15.
-502
Convert 586 (base 9) to base 3.
122220
Convert 1774 (base 10) to base 4.
123232
8ff (base 16) to base 7
6500
3201430 (base 5) to base 3
2201012111
Convert 48 (base 16) to base 7.
132
Convert -33203 (base 4) to base 8.
-1743
-125 (base 10) to base 8
-175
14371 (base 8) to base 12
3849
What is -1101111010 (base 2) in base 14?
-478
Convert 4c05 (base 13) to base 2.
10101001000101
What is -db (base 15) in base 16?
-ce
What is -10001010110000 (base 2) in base 5?
-241010
Convert -2d1 (base 14) to base 7.
-1451
Convert -27 (base 15) to base 5.
-122
-2d4 (base 15) to base 8
-1211
What is -10012132 (base 4) in base 12?
-987a
-5202 (base 6) to base 3
-1120202
What is 13271 (base 8) in base 6?
42533
0 (base 15) to base 3
0
-3372 (base 8) to base 12
-104a
What is 11325 (base 8) in base 9?
6546
-393 (base 12) to base 3
-202010
-583 (base 10) to base 8
-1107
-2240 (base 10) to base 14
-b60
Convert 395 (base 12) to base 8.
1041
What is 2cd (base 16) in base 9?
876
Convert 133333 (base 4) to base 11.
15a1
-344 (base 7) to base 6
-455
Convert -d33 (base 16) to base 11.
-25a2
121101010 (base 3) to base 2
10111010100001
What is -7453 (base 8) in base 11?
-2a10
21202302 (base 4) to base 5
2222330
Convert 2025 (base 7) to base 12.
4a9
What is 11012 (base 3) in base 6?
305
Convert -54150 (base 9) to base 15.
-a94c
Convert 5704 (base 8) to base 3.
11010120
What is 2ba9 (base 12) in base 9?
7073
-216 (base 12) to base 3
-102100
What is -2335 (base 7) in base 8?
-1533
What is -171 (base 14) in base 4?
-10213
Convert 5542 (base 10) to base 5.
134132
Convert 8a5 (base 13) to base 10.
1487
Convert -1001101011 (base 2) to base 15.
-2b4
Convert -8949 (base 16) to base 3.
-1210012200
-33146 (base 8) to base 3
-201002210
-2023 (base 5) to base 14
-14b
What is -224 (base 15) in base 3?
-122221
Convert 111101011 (base 2) to base 14.
271
1211212 (base 3) to base 6
10122
5581 (base 11) to base 12
4305
1aba (base 12) to base 14
12c6
11220 (base 3) to base 11
110
Convert -4635 (base 9) to base 16.
-d6a
What is -144 (base 11) in base 4?
-2221
124334 (base 7) to base 9
34675
-1010000010 (base 2) to base 12
-456
Convert 1003 (base 8) to base 3.
201002
Convert -4d2 (base 14) to base 7.
-2552
-221343 (base 5) to base 12
-4577
What is -11023323 (base 4) in base 7?
-115635
What is -2042 (base 6) in base 10?
-458
-7476 (base 12) to base 9
-18450
Convert -208a7 (base 12) to base 11.
-2a135
What is -6882 (base 9) in base 6?
-35332
-1715 (base 9) to base 2
-10100011110
-16622 (base 8) to base 10
-7570
Convert -3513 (base 8) to base 13.
-b08
-2f4e (base 16) to base 11
-910a
32423 (base 5) to base 11
1755
Convert eb (base 16) to base 11.
1a4
1010101010000 (base 2) to base 10
5456
3c22 (base 16) to base 15
4864
What is -1252 (base 7) in base 4?
-13132
779 (base 13) to base 11
a67
bba5 (base 13) to base 4
12120301
-b7a4 (base 13) to base 2
-110001110001100
6684 (base 12) to base 9
16481
What is 4606 (base 11) in base 7?
23441
What is 188f (base 16) in base 7?
24221
What is 100000001010 (base 2) in base 13?
c24
23201 (base 4) to base 7
2102
What is 28373 (base 9) in base 6?
225103
Convert -35451 (base 8) to base 15.
-474a
Convert -5b6 (base 16) to base 9.
-2004
Convert -1907 (base 10) to base 12.
-112b
What is 218 (base 10) in base 13?
13a
What is 1121021210 (base 3) in base 8?
75505
1715 (base 8) to base 12
691
Convert -532 (base 9) to base 6.
-2002
What is -12287 (base 14) in base 8?
-126577
Convert -20260 (base 7) to base 15.
-16e7
-1160 (base 13) to base 7
-10061
-30420 (base 8) to base 16
-3110
Convert 1ae7 (base 16) to base 10.
6887
9560 (base 10) to base 15
2c75
Convert -1334 (base 13) to base 7.
-11003
Convert -10011111110 (base 2) to base 8.
-2376
22122 (base 4) to base 16
29a
Convert -1132 (base 12) to base 14.
-9a6
Convert 6634 (base 9) to base 11.
3747
-102102110 (base 3) to base 6
-102320
What is 212222 (base 3) in base 6?
2555
1011202 (base 3) to base 9
1152
322b (base 12) to base 11
4157
What is -2a9 (base 16) in base 7?
-1662
What is 1001111 (base 2) in base 14?
59
Convert 1101100110 (base 2) to base 6.
4010
What is -1029 (base 14) in base 15?
-c56
Convert -4362 (base 12) to base 13.
-34b8
Convert 261 (base 12) to base 8.
551
32125 (base 6) to base 10
4373
What is -76625 (base 8) in base 16?
-7d95
Convert 113311 (base 4) to base 5.
22100
Convert -3bb (base 12) to base 10.
-575
Convert -503 (base 7) to base 6.
-1052
36342 (base 9) to base 11
17316
What is 7cc (base 13) in base 10?
1351
What is -3212 (base 9) in base 5?
-33420
Convert caa (base 14) to base 4.
213012
Convert -40226 (base 9) to base 6.
-322210
What is 4146 (base 11) in base 9?
7475
Convert 35056 (base 7) to base 5.
241314
30130 (base 4) to base 13
493
1044 (base 5) to base 10
149
Convert 46b1 (base 15) to base 7.
61531
-110110 (base 2) to base 13
-42
What is -1101222 (base 3) in base 12?
-715
13400 (base 5) to base 16
44c
-3022 (base 5) to base 11
-322
Convert 1004 (base 11) to base 4.
110313
-101011111100000 (base 2) to base 3
-1010212012
Convert -2b5 (base 12) to base 11.
-357
What is -1110001101001 (base 2) in base 14?
-2917
Convert -57c6 (base 15) to base 12.
-a950
970 (base 15) to base 9
2826
What is -3674 (base 9) in base 2?
-101010110100
Convert 120113 (base 5) to base 15.
148d
1524 (base 7) to base 14
314
Convert 616 (base 15) to base 2.
10101011011
100000101 (base 2) to base 6
1113
Convert 377 (base 10) to base 4.
11321
Convert -7415 (base 10) to base 11.
-5631
f34a (base 16) to base 8
171512
What is c2a (base 13) in base 8?
4020
-2153b (base 12) to base 13
-17021
Convert -10b8 (base 16) to base 12.
-2588
What is -1b (base 14) in base 2?
-11001
-107 (base 14) to base 11
-175
What is -fb0 (base 16) in base 10?
-4016
What is 243 (base 8) in base 7?
322
Convert -434 (base 5) to base 4.
-1313
451 (base 6) to base 4
2233
What is -110110022 (base 3) in base 8?
-21570
What is -15c (base 15) in base 11?
-264
What is -110001100 (base 2) in base 12?
-290
8121 (base 10) to base 11
6113
-217 (base 10) to base 2
-11011001
What is -3401 (base 10) in base 7?
-12626
-100120110 (base 3) to base 6
-52150
Convert 1100111111 (base 2) to base 9.
1123
1441 (base 12) to base 13
10c0
11ace (base 15) to base 10
56444
Convert -146b (base 12) to base 5.
-34022
-122020222 (base 3) to base 7
-51452
Convert 4420 (base 5) to base 7.
1531
What is 110301 (base 7) in base 5?
1104411
Convert -312010 (base 4) to base 12.
-2004
2120013 (base 4) to base 8
23007
Convert 2402 (base 6) to base 10.
578
What is -33120 (base 5) in base 16?
-8ed
2626 (base 8) to base 15
655
What is -6866 (base 16) in base 6?
-323422
-7612 (base 13) to base 3
-211111201
Convert -b21 (base 12) to base 16.
-649
-2060 (base 9) to base 15
-6ac
What is -10330131 (base 4) in base 6?
-233433
What is 111111011100001 (base 2) in base 10?
32481
-153522 (base 7) to base 10
-30102
What is 58b0 (base 12) in base 15?
2e19
Convert 12422 (base 5) to base 2.
1111011011
Convert -602 (base 10) to base 15.
-2a2
Convert -7714 (base 8) to base 9.
-5483
What is -4194 (base 15) in base 14?
-50a4
174 (base 9) to base 14
a8
1454 (base 11) to ba